{"id":922,"date":"2020-04-02T10:40:56","date_gmt":"2020-04-02T10:40:56","guid":{"rendered":"http:\/\/www.consumiblesparavending.com\/index.php\/producto\/bomba-de-amor-masturbador-masculino-estuchado-para-vending\/"},"modified":"2026-04-14T10:59:32","modified_gmt":"2026-04-14T10:59:32","slug":"bomba-de-amor-masturbador-masculino-estuchado-para-vending","status":"publish","type":"product","link":"http:\/\/www.consumiblesparavending.com\/index.php\/producto\/bomba-de-amor-masturbador-masculino-estuchado-para-vending\/","title":{"rendered":"Bomba de amor, masturbador masculino"},"content":{"rendered":"<p>Masturbador masculino fabricado con material muy suave y el\u00e1stico. Se estira hasta 3 veces su longitud, ajust\u00e1ndose a todos los tama\u00f1os.<\/p>\n<p>Cada Bomba de amor tiene una estructura interior \u00fanica de relieve y n\u00f3dulos para proporcionar sensaciones excitantes. Incluye tambi\u00e9n un lubricante monod\u00f3sis.<\/p>\n<p>Se presenta en cajas expositoras de 30 estuches de 60 x 60 x 19 mm.<\/p>\n","protected":false},"excerpt":{"rendered":"<p>Masturbador masculino muy suave y el\u00e1stico + lubricante monod\u00f3sis. Estuchado para su venta en m\u00e1quinas expendedoras.<\/p>\n<p>Se presenta en cajas expositoras de 30 estuches de 60 x 60 x 19 mm.<\/p>\n","protected":false},"featured_media":2252,"comment_status":"closed","ping_status":"closed","template":"","meta":[],"product_brand":[],"product_cat":[20,25],"product_tag":[],"class_list":{"0":"post-922","1":"product","2":"type-product","3":"status-publish","4":"has-post-thumbnail","6":"inop-mostrar","7":"product_cat-consumibles","8":"product_cat-eroticos","10":"first","11":"instock","12":"taxable","13":"shipping-taxable","14":"purchasable","15":"product-type-simple"},"_links":{"self":[{"href":"http:\/\/www.consumiblesparavending.com\/index.php\/wp-json\/wp\/v2\/product\/922","targetHints":{"allow":["GET"]}}],"collection":[{"href":"http:\/\/www.consumiblesparavending.com\/index.php\/wp-json\/wp\/v2\/product"}],"about":[{"href":"http:\/\/www.consumiblesparavending.com\/index.php\/wp-json\/wp\/v2\/types\/product"}],"replies":[{"embeddable":true,"href":"http:\/\/www.consumiblesparavending.com\/index.php\/wp-json\/wp\/v2\/comments?post=922"}],"wp:featuredmedia":[{"embeddable":true,"href":"http:\/\/www.consumiblesparavending.com\/index.php\/wp-json\/wp\/v2\/media\/2252"}],"wp:attachment":[{"href":"http:\/\/www.consumiblesparavending.com\/index.php\/wp-json\/wp\/v2\/media?parent=922"}],"wp:term":[{"taxonomy":"product_brand","embeddable":true,"href":"http:\/\/www.consumiblesparavending.com\/index.php\/wp-json\/wp\/v2\/product_brand?post=922"},{"taxonomy":"product_cat","embeddable":true,"href":"http:\/\/www.consumiblesparavending.com\/index.php\/wp-json\/wp\/v2\/product_cat?post=922"},{"taxonomy":"product_tag","embeddable":true,"href":"http:\/\/www.consumiblesparavending.com\/index.php\/wp-json\/wp\/v2\/product_tag?post=922"}],"curies":[{"name":"wp","href":"https:\/\/api.w.org\/{rel}","templated":true}]}}