{"id":556,"date":"2016-05-26T09:22:25","date_gmt":"2016-05-26T09:22:25","guid":{"rendered":"http:\/\/www.consumiblesparavending.com\/index.php\/producto\/oferta-expendedora-de-ocasion-una-carga-de-100-kits-de-cepillo-dental-y-pasta\/"},"modified":"2026-03-29T14:53:36","modified_gmt":"2026-03-29T14:53:36","slug":"expendedora-de-ocasion-para-cepillo-dental-y-pasta","status":"publish","type":"product","link":"http:\/\/www.consumiblesparavending.com\/index.php\/producto\/expendedora-de-ocasion-para-cepillo-dental-y-pasta\/","title":{"rendered":"Expendedora de ocasi\u00f3n para cepillo dental y pasta"},"content":{"rendered":"<p>El kit higi\u00e9nico de cepillo dental para vending es muy \u00fatil para mantener la salud y la higiene dental en todo momento. Est\u00e1 compuesto por un cepillo plegable con suaves filamentos y una pasta dent\u00edfrica compuesta por blanqueador, fl\u00faor y menta piperita, apta para un cuidado integral de tus dientes.<\/p>\n<p>Su tama\u00f1o reducido es muy pr\u00e1ctivo y te permitir\u00e1 tenerlo siempre a mano.<\/p>\n<p>La m\u00e1quina expendedora es de peque\u00f1o tama\u00f1o y est\u00e1 provista de un canal preparado para expender kits de cepillo dental + pasta de menta.<\/p>\n<p>Est\u00e1 fabricada en acero esmaltado. Posee un monedero mec\u00e1nico de acero anticorrosi\u00f3n y una cerradura de seguridad en la parte superior.<\/p>\n<p>Sus dimensiones son: 570 x 130 x 95 mm.<\/p>\n","protected":false},"excerpt":{"rendered":"<p>M\u00e1quina expendedora seminueva para cepillos dentales Difresh.<\/p>\n","protected":false},"featured_media":2277,"comment_status":"closed","ping_status":"closed","template":"","meta":[],"product_brand":[],"product_cat":[29,21,33,39],"product_tag":[],"class_list":{"0":"post-556","1":"product","2":"type-product","3":"status-publish","4":"has-post-thumbnail","6":"inop-m-mostrar","7":"product_cat-1-canal","8":"product_cat-maquinas-expendedoras","9":"product_cat-mecanicas","10":"product_cat-seminuevas","12":"first","13":"instock","14":"taxable","15":"shipping-taxable","16":"product-type-simple"},"_links":{"self":[{"href":"http:\/\/www.consumiblesparavending.com\/index.php\/wp-json\/wp\/v2\/product\/556","targetHints":{"allow":["GET"]}}],"collection":[{"href":"http:\/\/www.consumiblesparavending.com\/index.php\/wp-json\/wp\/v2\/product"}],"about":[{"href":"http:\/\/www.consumiblesparavending.com\/index.php\/wp-json\/wp\/v2\/types\/product"}],"replies":[{"embeddable":true,"href":"http:\/\/www.consumiblesparavending.com\/index.php\/wp-json\/wp\/v2\/comments?post=556"}],"wp:featuredmedia":[{"embeddable":true,"href":"http:\/\/www.consumiblesparavending.com\/index.php\/wp-json\/wp\/v2\/media\/2277"}],"wp:attachment":[{"href":"http:\/\/www.consumiblesparavending.com\/index.php\/wp-json\/wp\/v2\/media?parent=556"}],"wp:term":[{"taxonomy":"product_brand","embeddable":true,"href":"http:\/\/www.consumiblesparavending.com\/index.php\/wp-json\/wp\/v2\/product_brand?post=556"},{"taxonomy":"product_cat","embeddable":true,"href":"http:\/\/www.consumiblesparavending.com\/index.php\/wp-json\/wp\/v2\/product_cat?post=556"},{"taxonomy":"product_tag","embeddable":true,"href":"http:\/\/www.consumiblesparavending.com\/index.php\/wp-json\/wp\/v2\/product_tag?post=556"}],"curies":[{"name":"wp","href":"https:\/\/api.w.org\/{rel}","templated":true}]}}