{"id":421,"date":"2015-10-29T11:59:36","date_gmt":"2015-10-29T11:59:36","guid":{"rendered":"http:\/\/www.consumiblesparavending.com\/index.php\/producto\/expendedora-multivendor-x2-seminueva\/"},"modified":"2026-03-30T15:40:30","modified_gmt":"2026-03-30T15:40:30","slug":"expendedora-multivendor-x2-seminueva","status":"publish","type":"product","link":"http:\/\/www.consumiblesparavending.com\/index.php\/producto\/expendedora-multivendor-x2-seminueva\/","title":{"rendered":"Expendedora Multivendor X2 seminueva"},"content":{"rendered":"<p>M\u00e1quina expendedora seminueva de 2 canales polivalentes, aptos para cualquier producto en envase estandar de 60&#215;60 mm.<\/p>\n<p>Fabricada en acero esmaltado en epoxi de color azul o negro, seg\u00fan pedido y disponibilidad.<\/p>\n<p>Preparada para exterior e interior.<\/p>\n<p>Dos Monederos mec\u00e1nicos independientes de acero anticorrosi\u00f3n preparados para 1, 2 \u00f3 3 monedas iguales juntas, a su elecci\u00f3n.<\/p>\n<p>Bloqueo en caso de agotamiento del producto.<\/p>\n<p>Antivandalica: Cerradura superior de seguridad. Barra lateral de seguridad opcional.<\/p>\n<p>Gran capacidad de producto, hasta 72 Unidades por canal.<\/p>\n<p>Ventana de Policarbonato Opcional.<\/p>\n<p>Se puede cambiar entre unos modelos de producto u otros con tan s\u00f3lo cambiar la pegatina.<\/p>\n<p>Dimensiones: 758x380x106 mm.<br \/>\nPeso: 19 kg.<\/p>\n","protected":false},"excerpt":{"rendered":"<p>M\u00e1quina expendedora vending de ocasi\u00f3n. 2 canales polivalentes para cualquier producto en estuche de 60&#215;60 mm (preservativos en estuche de 3 ud., Vigarex, anillos vibradores, compresas, tampones, auriculares, productos personalizados, etc.)<\/p>\n","protected":false},"featured_media":2268,"comment_status":"closed","ping_status":"closed","template":"","meta":[],"product_brand":[],"product_cat":[30,21,33,39],"product_tag":[],"class_list":{"0":"post-421","1":"product","2":"type-product","3":"status-publish","4":"has-post-thumbnail","6":"inop-m-mostrar","7":"product_cat-2-canales","8":"product_cat-maquinas-expendedoras","9":"product_cat-mecanicas","10":"product_cat-seminuevas","12":"first","13":"instock","14":"taxable","15":"shipping-taxable","16":"product-type-simple"},"_links":{"self":[{"href":"http:\/\/www.consumiblesparavending.com\/index.php\/wp-json\/wp\/v2\/product\/421","targetHints":{"allow":["GET"]}}],"collection":[{"href":"http:\/\/www.consumiblesparavending.com\/index.php\/wp-json\/wp\/v2\/product"}],"about":[{"href":"http:\/\/www.consumiblesparavending.com\/index.php\/wp-json\/wp\/v2\/types\/product"}],"replies":[{"embeddable":true,"href":"http:\/\/www.consumiblesparavending.com\/index.php\/wp-json\/wp\/v2\/comments?post=421"}],"wp:featuredmedia":[{"embeddable":true,"href":"http:\/\/www.consumiblesparavending.com\/index.php\/wp-json\/wp\/v2\/media\/2268"}],"wp:attachment":[{"href":"http:\/\/www.consumiblesparavending.com\/index.php\/wp-json\/wp\/v2\/media?parent=421"}],"wp:term":[{"taxonomy":"product_brand","embeddable":true,"href":"http:\/\/www.consumiblesparavending.com\/index.php\/wp-json\/wp\/v2\/product_brand?post=421"},{"taxonomy":"product_cat","embeddable":true,"href":"http:\/\/www.consumiblesparavending.com\/index.php\/wp-json\/wp\/v2\/product_cat?post=421"},{"taxonomy":"product_tag","embeddable":true,"href":"http:\/\/www.consumiblesparavending.com\/index.php\/wp-json\/wp\/v2\/product_tag?post=421"}],"curies":[{"name":"wp","href":"https:\/\/api.w.org\/{rel}","templated":true}]}}