{"id":407,"date":"2015-10-27T12:09:03","date_gmt":"2015-10-27T12:09:03","guid":{"rendered":"http:\/\/www.consumiblesparavending.com\/index.php\/producto\/estuches-genericos-tamano-cajetilla-de-tabaco\/"},"modified":"2026-04-14T11:02:59","modified_gmt":"2026-04-14T11:02:59","slug":"estuches-genericos-tamano-cajetilla-de-tabaco","status":"publish","type":"product","link":"http:\/\/www.consumiblesparavending.com\/index.php\/producto\/estuches-genericos-tamano-cajetilla-de-tabaco\/","title":{"rendered":"Estuches gen\u00e9ricos tama\u00f1o cajetilla de tabaco"},"content":{"rendered":"<p>Estuches de cartoncillo de 88x55x23 mm, lacados en blanco, v\u00e1lidos para envasar cualquier producto que desee expender en nuestra m\u00e1quina expendedora modelo Maxipolivalente.<\/p>\n","protected":false},"excerpt":{"rendered":"<p>Envases de 88x55x23mm para envasar cualquier producto que desee vender en m\u00e1quinas expendedoras modelo Maxipolivalente.<\/p>\n","protected":false},"featured_media":2316,"comment_status":"closed","ping_status":"closed","template":"","meta":[],"product_brand":[],"product_cat":[20,28],"product_tag":[],"class_list":{"0":"post-407","1":"product","2":"type-product","3":"status-publish","4":"has-post-thumbnail","6":"inop-mostrar","7":"product_cat-consumibles","8":"product_cat-envases","10":"first","11":"instock","12":"taxable","13":"shipping-taxable","14":"purchasable","15":"product-type-simple"},"_links":{"self":[{"href":"http:\/\/www.consumiblesparavending.com\/index.php\/wp-json\/wp\/v2\/product\/407","targetHints":{"allow":["GET"]}}],"collection":[{"href":"http:\/\/www.consumiblesparavending.com\/index.php\/wp-json\/wp\/v2\/product"}],"about":[{"href":"http:\/\/www.consumiblesparavending.com\/index.php\/wp-json\/wp\/v2\/types\/product"}],"replies":[{"embeddable":true,"href":"http:\/\/www.consumiblesparavending.com\/index.php\/wp-json\/wp\/v2\/comments?post=407"}],"wp:featuredmedia":[{"embeddable":true,"href":"http:\/\/www.consumiblesparavending.com\/index.php\/wp-json\/wp\/v2\/media\/2316"}],"wp:attachment":[{"href":"http:\/\/www.consumiblesparavending.com\/index.php\/wp-json\/wp\/v2\/media?parent=407"}],"wp:term":[{"taxonomy":"product_brand","embeddable":true,"href":"http:\/\/www.consumiblesparavending.com\/index.php\/wp-json\/wp\/v2\/product_brand?post=407"},{"taxonomy":"product_cat","embeddable":true,"href":"http:\/\/www.consumiblesparavending.com\/index.php\/wp-json\/wp\/v2\/product_cat?post=407"},{"taxonomy":"product_tag","embeddable":true,"href":"http:\/\/www.consumiblesparavending.com\/index.php\/wp-json\/wp\/v2\/product_tag?post=407"}],"curies":[{"name":"wp","href":"https:\/\/api.w.org\/{rel}","templated":true}]}}