{"id":240,"date":"2015-04-07T10:11:54","date_gmt":"2015-04-07T10:11:54","guid":{"rendered":"http:\/\/www.consumiblesparavending.com\/?post_type=product&#038;p=240"},"modified":"2026-04-14T11:03:44","modified_gmt":"2026-04-14T11:03:44","slug":"papel-de-fumar-ocb-premium-1-14","status":"publish","type":"product","link":"http:\/\/www.consumiblesparavending.com\/index.php\/producto\/papel-de-fumar-ocb-premium-1-14\/","title":{"rendered":"Papel de fumar OCB premium 1 1\/4"},"content":{"rendered":"<p>Papel de liar muy fino, transparente, de combusti\u00f3n lenta, compuesto esencialmente por fibras celul\u00f3sicas extra\u00eddas de vegetales, 100% natural con certificaci\u00f3n biol\u00f3gica, de tama\u00f1o 1.1\/4.<\/p>\n<p>Presentado en cajas de 100 librillos de 50 hojas.<\/p>\n","protected":false},"excerpt":{"rendered":"<p>Papelillos transparentes de combusti\u00f3n lenta.<\/p>\n<p>Presentados en cajas de 100 librillos de 50 hojas.<\/p>\n","protected":false},"featured_media":2319,"comment_status":"closed","ping_status":"closed","template":"","meta":[],"product_brand":[],"product_cat":[27,20],"product_tag":[],"class_list":{"0":"post-240","1":"product","2":"type-product","3":"status-publish","4":"has-post-thumbnail","6":"inop-mostrar","7":"product_cat-articulos-del-fumador","8":"product_cat-consumibles","10":"first","11":"instock","12":"taxable","13":"shipping-taxable","14":"purchasable","15":"product-type-simple"},"_links":{"self":[{"href":"http:\/\/www.consumiblesparavending.com\/index.php\/wp-json\/wp\/v2\/product\/240","targetHints":{"allow":["GET"]}}],"collection":[{"href":"http:\/\/www.consumiblesparavending.com\/index.php\/wp-json\/wp\/v2\/product"}],"about":[{"href":"http:\/\/www.consumiblesparavending.com\/index.php\/wp-json\/wp\/v2\/types\/product"}],"replies":[{"embeddable":true,"href":"http:\/\/www.consumiblesparavending.com\/index.php\/wp-json\/wp\/v2\/comments?post=240"}],"wp:featuredmedia":[{"embeddable":true,"href":"http:\/\/www.consumiblesparavending.com\/index.php\/wp-json\/wp\/v2\/media\/2319"}],"wp:attachment":[{"href":"http:\/\/www.consumiblesparavending.com\/index.php\/wp-json\/wp\/v2\/media?parent=240"}],"wp:term":[{"taxonomy":"product_brand","embeddable":true,"href":"http:\/\/www.consumiblesparavending.com\/index.php\/wp-json\/wp\/v2\/product_brand?post=240"},{"taxonomy":"product_cat","embeddable":true,"href":"http:\/\/www.consumiblesparavending.com\/index.php\/wp-json\/wp\/v2\/product_cat?post=240"},{"taxonomy":"product_tag","embeddable":true,"href":"http:\/\/www.consumiblesparavending.com\/index.php\/wp-json\/wp\/v2\/product_tag?post=240"}],"curies":[{"name":"wp","href":"https:\/\/api.w.org\/{rel}","templated":true}]}}