{"id":2065,"date":"2024-06-12T15:04:19","date_gmt":"2024-06-12T15:04:19","guid":{"rendered":"http:\/\/www.consumiblesparavending.com\/?post_type=product&#038;p=2065"},"modified":"2026-04-14T10:56:34","modified_gmt":"2026-04-14T10:56:34","slug":"test-de-ovulacion","status":"publish","type":"product","link":"http:\/\/www.consumiblesparavending.com\/index.php\/producto\/test-de-ovulacion\/","title":{"rendered":"Test de ovulaci\u00f3n"},"content":{"rendered":"<p>Test de ovulaci\u00f3n para autodiagn\u00f3stico de un solo uso.<\/p>\n<p>Modo de empleo:<br \/>\nSumerja la tira en la orina con la flecha apuntando hacia la orina. Retire la tira despu\u00e9s de 3 segundos y col\u00f3quela sobre una superficie limpia, seca y no absorbente.<\/p>\n<p>Importante: No permita que el nivel de orina supere el m\u00e1ximo (l\u00ednea de marcador), de lo contrario la prueba puede no realizarse correctamente.<\/p>\n<p>Se requiere el tiempo completo de reacci\u00f3n de 3 minutos y en el que debe aparecer el resultado. No mirar el resultado despu\u00e9s de 5 minutos.<\/p>\n","protected":false},"excerpt":{"rendered":"<p>Test de ovulaci\u00f3n desechable a granel.<\/p>\n","protected":false},"featured_media":2300,"comment_status":"closed","ping_status":"closed","template":"","meta":[],"product_brand":[],"product_cat":[20,26,37],"product_tag":[],"class_list":{"0":"post-2065","1":"product","2":"type-product","3":"status-publish","4":"has-post-thumbnail","6":"product_cat-consumibles","7":"product_cat-higiene","8":"product_cat-linea-de-farmacia","10":"first","11":"instock","12":"taxable","13":"shipping-taxable","14":"purchasable","15":"product-type-simple"},"_links":{"self":[{"href":"http:\/\/www.consumiblesparavending.com\/index.php\/wp-json\/wp\/v2\/product\/2065","targetHints":{"allow":["GET"]}}],"collection":[{"href":"http:\/\/www.consumiblesparavending.com\/index.php\/wp-json\/wp\/v2\/product"}],"about":[{"href":"http:\/\/www.consumiblesparavending.com\/index.php\/wp-json\/wp\/v2\/types\/product"}],"replies":[{"embeddable":true,"href":"http:\/\/www.consumiblesparavending.com\/index.php\/wp-json\/wp\/v2\/comments?post=2065"}],"wp:featuredmedia":[{"embeddable":true,"href":"http:\/\/www.consumiblesparavending.com\/index.php\/wp-json\/wp\/v2\/media\/2300"}],"wp:attachment":[{"href":"http:\/\/www.consumiblesparavending.com\/index.php\/wp-json\/wp\/v2\/media?parent=2065"}],"wp:term":[{"taxonomy":"product_brand","embeddable":true,"href":"http:\/\/www.consumiblesparavending.com\/index.php\/wp-json\/wp\/v2\/product_brand?post=2065"},{"taxonomy":"product_cat","embeddable":true,"href":"http:\/\/www.consumiblesparavending.com\/index.php\/wp-json\/wp\/v2\/product_cat?post=2065"},{"taxonomy":"product_tag","embeddable":true,"href":"http:\/\/www.consumiblesparavending.com\/index.php\/wp-json\/wp\/v2\/product_tag?post=2065"}],"curies":[{"name":"wp","href":"https:\/\/api.w.org\/{rel}","templated":true}]}}