{"id":2027,"date":"2024-05-15T11:33:46","date_gmt":"2024-05-15T11:33:46","guid":{"rendered":"http:\/\/www.consumiblesparavending.com\/?post_type=product&#038;p=2027"},"modified":"2026-03-30T19:11:35","modified_gmt":"2026-03-30T19:11:35","slug":"satisfayer-masculino","status":"publish","type":"product","link":"http:\/\/www.consumiblesparavending.com\/index.php\/producto\/satisfayer-masculino\/","title":{"rendered":"Satisfayer masculino"},"content":{"rendered":"<p>Descubre un \u00e9xtasis sin igual con nuestro innovador compa\u00f1ero \u00edntimo para hombres. Su interior de silicona m\u00e9dica envuelve y potencia la sensaci\u00f3n de placer de manera incomparable.<\/p>\n<p>A\u00f1ade una dimensi\u00f3n auditiva a tus momentos \u00edntimos con auriculares incorporados que reproducen gemidos seductores, elevando la experiencia a niveles de excitaci\u00f3n y satisfacci\u00f3n nunca antes alcanzados.<\/p>\n<p>El Satisfyer para hombres brinda instantes de deleite inolvidables. Sus diversos modos de vibraci\u00f3n aseguran explorar nuevos horizontes de placer, llevando tus sensaciones m\u00e1s all\u00e1 de lo conocido.<\/p>\n","protected":false},"excerpt":{"rendered":"<p>Compa\u00f1ero \u00edntimo masculino innovador, que potencia el placer con silicona m\u00e9dica y a\u00f1ade una dimensi\u00f3n auditiva con auriculares incorporados, llevando la experiencia a niveles de excitaci\u00f3n y satisfacci\u00f3n sin precedentes.<\/p>\n","protected":false},"featured_media":2028,"comment_status":"closed","ping_status":"closed","template":"","meta":[],"product_brand":[],"product_cat":[20,25],"product_tag":[],"class_list":{"0":"post-2027","1":"product","2":"type-product","3":"status-publish","4":"has-post-thumbnail","6":"inop-mostrar","7":"product_cat-consumibles","8":"product_cat-eroticos","10":"first","11":"instock","12":"taxable","13":"shipping-taxable","14":"purchasable","15":"product-type-simple"},"_links":{"self":[{"href":"http:\/\/www.consumiblesparavending.com\/index.php\/wp-json\/wp\/v2\/product\/2027","targetHints":{"allow":["GET"]}}],"collection":[{"href":"http:\/\/www.consumiblesparavending.com\/index.php\/wp-json\/wp\/v2\/product"}],"about":[{"href":"http:\/\/www.consumiblesparavending.com\/index.php\/wp-json\/wp\/v2\/types\/product"}],"replies":[{"embeddable":true,"href":"http:\/\/www.consumiblesparavending.com\/index.php\/wp-json\/wp\/v2\/comments?post=2027"}],"wp:featuredmedia":[{"embeddable":true,"href":"http:\/\/www.consumiblesparavending.com\/index.php\/wp-json\/wp\/v2\/media\/2028"}],"wp:attachment":[{"href":"http:\/\/www.consumiblesparavending.com\/index.php\/wp-json\/wp\/v2\/media?parent=2027"}],"wp:term":[{"taxonomy":"product_brand","embeddable":true,"href":"http:\/\/www.consumiblesparavending.com\/index.php\/wp-json\/wp\/v2\/product_brand?post=2027"},{"taxonomy":"product_cat","embeddable":true,"href":"http:\/\/www.consumiblesparavending.com\/index.php\/wp-json\/wp\/v2\/product_cat?post=2027"},{"taxonomy":"product_tag","embeddable":true,"href":"http:\/\/www.consumiblesparavending.com\/index.php\/wp-json\/wp\/v2\/product_tag?post=2027"}],"curies":[{"name":"wp","href":"https:\/\/api.w.org\/{rel}","templated":true}]}}