{"id":153,"date":"2015-03-09T10:13:01","date_gmt":"2015-03-09T10:13:01","guid":{"rendered":"http:\/\/www.consumiblesparavending.com\/?post_type=product&#038;p=153"},"modified":"2026-03-30T19:07:14","modified_gmt":"2026-03-30T19:07:14","slug":"difresh-active-x-spray-estimulador-femenino","status":"publish","type":"product","link":"http:\/\/www.consumiblesparavending.com\/index.php\/producto\/difresh-active-x-spray-estimulador-femenino\/","title":{"rendered":"Difresh Active X, spray estimulador femenino"},"content":{"rendered":"<p>Difresh Active X es un spray estimulante para el cl\u00edtoris y ha sido formulado para aumentar la sensibilidad sexual en las mujeres, permitiendo una respuesta org\u00e1smica m\u00e1s gratificante.<\/p>\n","protected":false},"excerpt":{"rendered":"<p>Spray efecto fr\u00edo-calor que estimula la sensibilidad sexual de la mujer<\/p>\n","protected":false},"featured_media":154,"comment_status":"closed","ping_status":"closed","template":"","meta":[],"product_brand":[],"product_cat":[20,25],"product_tag":[],"class_list":{"0":"post-153","1":"product","2":"type-product","3":"status-publish","4":"has-post-thumbnail","6":"product_cat-consumibles","7":"product_cat-eroticos","9":"first","10":"instock","11":"taxable","12":"shipping-taxable","13":"product-type-simple"},"_links":{"self":[{"href":"http:\/\/www.consumiblesparavending.com\/index.php\/wp-json\/wp\/v2\/product\/153","targetHints":{"allow":["GET"]}}],"collection":[{"href":"http:\/\/www.consumiblesparavending.com\/index.php\/wp-json\/wp\/v2\/product"}],"about":[{"href":"http:\/\/www.consumiblesparavending.com\/index.php\/wp-json\/wp\/v2\/types\/product"}],"replies":[{"embeddable":true,"href":"http:\/\/www.consumiblesparavending.com\/index.php\/wp-json\/wp\/v2\/comments?post=153"}],"wp:featuredmedia":[{"embeddable":true,"href":"http:\/\/www.consumiblesparavending.com\/index.php\/wp-json\/wp\/v2\/media\/154"}],"wp:attachment":[{"href":"http:\/\/www.consumiblesparavending.com\/index.php\/wp-json\/wp\/v2\/media?parent=153"}],"wp:term":[{"taxonomy":"product_brand","embeddable":true,"href":"http:\/\/www.consumiblesparavending.com\/index.php\/wp-json\/wp\/v2\/product_brand?post=153"},{"taxonomy":"product_cat","embeddable":true,"href":"http:\/\/www.consumiblesparavending.com\/index.php\/wp-json\/wp\/v2\/product_cat?post=153"},{"taxonomy":"product_tag","embeddable":true,"href":"http:\/\/www.consumiblesparavending.com\/index.php\/wp-json\/wp\/v2\/product_tag?post=153"}],"curies":[{"name":"wp","href":"https:\/\/api.w.org\/{rel}","templated":true}]}}