{"id":1030,"date":"2024-06-12T15:15:06","date_gmt":"2024-06-12T15:15:06","guid":{"rendered":"http:\/\/www.consumiblesparavending.com\/?post_type=product&#038;p=1030"},"modified":"2026-04-14T10:54:43","modified_gmt":"2026-04-14T10:54:43","slug":"test-de-embarazo","status":"publish","type":"product","link":"http:\/\/www.consumiblesparavending.com\/index.php\/producto\/test-de-embarazo\/","title":{"rendered":"Test de embarazo"},"content":{"rendered":"<p>Test de embarazo para autodiagn\u00f3stico de un solo uso.<\/p>\n<p>Dispone de un colector de orina para su aplicaci\u00f3n directa, por lo que no es necesario tomar una muestra de orina previamente.<\/p>\n<p>Sensibilidad: 20 IU\/L<\/p>\n<p>Efectividad del 99%.<\/p>\n<p>El test se utiliza para la determinaci\u00f3n visual cualitativa de HCG (Chorionic human Gonadotropin) en la orina para la detecci\u00f3n temprana del embarazo.<\/p>\n<p>El HCG es una hormona de la glicoprote\u00edna secretada desarrollando placenta poco despu\u00e9s de la inseminaci\u00f3n y se puede detectar en la orina y el suero de mujeres embarazadas desde 6 a 15 d\u00edas despu\u00e9s de la concepci\u00f3n.<\/p>\n","protected":false},"excerpt":{"rendered":"<p>Test de embarazo desechable. Sensibilidad 20 IU\/L. Precisi\u00f3n del 99%.<\/p>\n","protected":false},"featured_media":2299,"comment_status":"closed","ping_status":"closed","template":"","meta":[],"product_brand":[],"product_cat":[20,26,37],"product_tag":[],"class_list":{"0":"post-1030","1":"product","2":"type-product","3":"status-publish","4":"has-post-thumbnail","6":"inop-mostrar","7":"product_cat-consumibles","8":"product_cat-higiene","9":"product_cat-linea-de-farmacia","11":"first","12":"instock","13":"taxable","14":"shipping-taxable","15":"purchasable","16":"product-type-simple"},"_links":{"self":[{"href":"http:\/\/www.consumiblesparavending.com\/index.php\/wp-json\/wp\/v2\/product\/1030","targetHints":{"allow":["GET"]}}],"collection":[{"href":"http:\/\/www.consumiblesparavending.com\/index.php\/wp-json\/wp\/v2\/product"}],"about":[{"href":"http:\/\/www.consumiblesparavending.com\/index.php\/wp-json\/wp\/v2\/types\/product"}],"replies":[{"embeddable":true,"href":"http:\/\/www.consumiblesparavending.com\/index.php\/wp-json\/wp\/v2\/comments?post=1030"}],"wp:featuredmedia":[{"embeddable":true,"href":"http:\/\/www.consumiblesparavending.com\/index.php\/wp-json\/wp\/v2\/media\/2299"}],"wp:attachment":[{"href":"http:\/\/www.consumiblesparavending.com\/index.php\/wp-json\/wp\/v2\/media?parent=1030"}],"wp:term":[{"taxonomy":"product_brand","embeddable":true,"href":"http:\/\/www.consumiblesparavending.com\/index.php\/wp-json\/wp\/v2\/product_brand?post=1030"},{"taxonomy":"product_cat","embeddable":true,"href":"http:\/\/www.consumiblesparavending.com\/index.php\/wp-json\/wp\/v2\/product_cat?post=1030"},{"taxonomy":"product_tag","embeddable":true,"href":"http:\/\/www.consumiblesparavending.com\/index.php\/wp-json\/wp\/v2\/product_tag?post=1030"}],"curies":[{"name":"wp","href":"https:\/\/api.w.org\/{rel}","templated":true}]}}