{"id":1137,"date":"2018-10-30T18:53:41","date_gmt":"2018-10-30T18:53:41","guid":{"rendered":"http:\/\/www.consumiblesparavending.com\/?page_id=1137"},"modified":"2026-03-30T15:37:54","modified_gmt":"2026-03-30T15:37:54","slug":"sobre-nosotros","status":"publish","type":"page","link":"http:\/\/www.consumiblesparavending.com\/index.php\/sobre-nosotros\/","title":{"rendered":"Sobre nosotros"},"content":{"rendered":"<div class=\"vce-row-container\" data-vce-boxed-width=\"true\"><div class=\"vce-row vce-row--col-gap-30 vce-row-equal-height vce-row-content--top\" id=\"el-9f4d0480\" data-vce-do-apply=\"all el-9f4d0480\"><div class=\"vce-row-content\" data-vce-element-content=\"true\"><div class=\"vce-col vce-col--md-75p vce-col--xs-1 vce-col--xs-last vce-col--xs-first vce-col--sm-last vce-col--sm-first vce-col--md-first vce-col--lg-first vce-col--xl-first\" id=\"el-93924404\"><div class=\"vce-col-inner\" data-vce-do-apply=\"border margin background  el-93924404\"><div class=\"vce-col-content\" data-vce-element-content=\"true\" data-vce-do-apply=\"padding el-93924404\"><div class=\"vce-text-block\"><div class=\"vce-text-block-wrapper vce\" id=\"el-c87034ec\" data-vce-do-apply=\"all el-c87034ec\"><div class=\"wpb_column vc_column_container vc_col-sm-9\"><div class=\"vc_column-inner \"><div class=\"wpb_wrapper\"><div class=\"wpb_text_column wpb_content_element \"><div class=\"wpb_wrapper\"><p>En CAJI EXPORT INT. SLU contamos con m\u00e1s de 20 a\u00f1os de experiencia en el sector del vending, tanto en Espa\u00f1a como en el exterior. Realizamos env\u00edos a cualquier parte del mundo, actualmente tenemos clientes en 14 pa\u00edses.<\/p><\/div><\/div><div class=\"wpb_text_column wpb_content_element \"><div class=\"wpb_wrapper\"><p>Disponemos de una gran variedad de m\u00e1quinas expendedoras y consumibles que resultan muy \u00fatiles, a la par que atractivos para abarcar un amplio rango de consumidores finales. De esta forma, el operador de vending puede maximizar sus servicios por establecimiento y obtener mayores beneficios en sus recaudaciones mensuales.<\/p><\/div><\/div><\/div><\/div><\/div><\/div><\/div><\/div><\/div><\/div><div class=\"vce-col vce-col--md-25p vce-col--xs-1 vce-col--xs-last vce-col--xs-first vce-col--sm-last vce-col--sm-first vce-col--md-last vce-col--lg-last vce-col--xl-last\" id=\"el-8e11d423\"><div class=\"vce-col-inner\" data-vce-do-apply=\"border margin background  el-8e11d423\"><div class=\"vce-col-content\" data-vce-element-content=\"true\" data-vce-do-apply=\"padding el-8e11d423\"><div class=\"vce-single-image-container vce-single-image--align-left\"><div class=\"vce vce-single-image-wrapper\" id=\"el-f3533a5c\" data-vce-do-apply=\"all el-f3533a5c\"><figure><div class=\"vce-single-image-figure-inner\" style=\"width: 517px;\"><div class=\"vce-single-image-inner vce-single-image--absolute\" style=\"width: 100%; padding-bottom: 47.9691%;\"><img loading=\"lazy\" decoding=\"async\" class=\"vce-single-image\"  width=\"517\" height=\"248\" src=\"http:\/\/www.consumiblesparavending.com\/archivos\/2018\/10\/envios-internacionales-exportaciones-importaciones-productos-vending.jpg\" data-img-src=\"http:\/\/www.consumiblesparavending.com\/archivos\/2018\/10\/envios-internacionales-exportaciones-importaciones-productos-vending.jpg\" data-attachment-id=\"1138\"  alt=\"\" title=\"envios-internacionales-exportaciones-importaciones-productos-vending\" \/><\/div><\/div><figcaption hidden=\"\"><\/figcaption><\/figure><\/div><\/div><\/div><\/div><\/div><\/div><\/div><\/div><div class=\"vce-row-container\" data-vce-boxed-width=\"true\"><div class=\"vce-row vce-row--col-gap-30 vce-row-equal-height vce-row-content--top\" id=\"el-649f5ab0\" data-vce-do-apply=\"all el-649f5ab0\"><div class=\"vce-row-content\" data-vce-element-content=\"true\"><div class=\"vce-col vce-col--md-auto vce-col--xs-1 vce-col--xs-last vce-col--xs-first vce-col--sm-last vce-col--sm-first vce-col--md-last vce-col--lg-last vce-col--xl-last vce-col--md-first vce-col--lg-first vce-col--xl-first\" id=\"el-6e9a2134\"><div class=\"vce-col-inner\" data-vce-do-apply=\"border margin background  el-6e9a2134\"><div class=\"vce-col-content\" data-vce-element-content=\"true\" data-vce-do-apply=\"padding el-6e9a2134\"><div class=\"vce-text-block\"><div class=\"vce-text-block-wrapper vce\" id=\"el-60928470\" data-vce-do-apply=\"all el-60928470\"><p>Tambi\u00e9n abarcamos fabricaci\u00f3n a medida, tanto en m\u00e1quinas expendedoras como en consumibles, para satisfacer las necesidades de nuestros clientes m\u00e1s exigentes, abasteci\u00e9ndoles de productos totalmente personalizados con su logo, dise\u00f1os e informaci\u00f3n de empresa.<\/p><\/div><\/div><\/div><\/div><\/div><\/div><\/div><\/div><div class=\"vce-row-container\" data-vce-boxed-width=\"true\"><div class=\"vce-row vce-row--col-gap-30 vce-row-equal-height vce-row-content--middle\" id=\"el-af59fca2\" data-vce-do-apply=\"all el-af59fca2\"><div class=\"vce-row-content\" data-vce-element-content=\"true\"><div class=\"vce-col vce-col--md-auto vce-col--xs-1 vce-col--xs-last vce-col--xs-first vce-col--sm-last vce-col--sm-first vce-col--md-first vce-col--lg-first vce-col--xl-first\" id=\"el-7510a7e3\"><div class=\"vce-col-inner\" data-vce-do-apply=\"border margin background  el-7510a7e3\"><div class=\"vce-col-content\" data-vce-element-content=\"true\" data-vce-do-apply=\"padding el-7510a7e3\"><div class=\"vce-single-image-container vce-single-image--align-left\"><div class=\"vce vce-single-image-wrapper\" id=\"el-6c143474\" data-vce-do-apply=\"all el-6c143474\"><figure><div class=\"vce-single-image-figure-inner\" style=\"width: 886px;\"><a href=\"http:\/\/www.consumiblesparavending.com\/archivos\/2018\/10\/maquinas-expendedoras-vending-preservativos-vigarex-mecheros-papel-chicles-compresas-y-tampones-multiproducto.jpg\" data-lightbox=\"lightbox-6c143474\" class=\"vce-single-image-inner vce-single-image--absolute\" style=\"padding-bottom: 29.5711%; width: 100%;\"><img loading=\"lazy\" decoding=\"async\" class=\"vce-single-image\"  width=\"886\" height=\"262\" src=\"http:\/\/www.consumiblesparavending.com\/archivos\/2018\/10\/maquinas-expendedoras-vending-preservativos-vigarex-mecheros-papel-chicles-compresas-y-tampones-multiproducto.jpg\" data-img-src=\"http:\/\/www.consumiblesparavending.com\/archivos\/2018\/10\/maquinas-expendedoras-vending-preservativos-vigarex-mecheros-papel-chicles-compresas-y-tampones-multiproducto.jpg\" data-attachment-id=\"1139\"  alt=\"\" title=\"maquinas-expendedoras-vending-preservativos-vigarex-mecheros-papel-chicles-compresas-y-tampones-multiproducto\" \/><\/a><\/div><figcaption hidden=\"\"><\/figcaption><\/figure><\/div><\/div><\/div><\/div><\/div><div class=\"vce-col vce-col--md-auto vce-col--xs-1 vce-col--xs-last vce-col--xs-first vce-col--sm-last vce-col--sm-first\" id=\"el-5745e30c\"><div class=\"vce-col-inner\" data-vce-do-apply=\"border margin background  el-5745e30c\"><div class=\"vce-col-content\" data-vce-element-content=\"true\" data-vce-do-apply=\"padding el-5745e30c\"><div class=\"vce-single-image-container vce-single-image--align-left\"><div class=\"vce vce-single-image-wrapper\" id=\"el-8cbbd182\" data-vce-do-apply=\"all el-8cbbd182\"><figure><div class=\"vce-single-image-figure-inner\" style=\"width: 771px;\"><a href=\"http:\/\/www.consumiblesparavending.com\/archivos\/2018\/10\/productos-vending-variedad-consumibles-para-maquinas-expendedoras-minivending.jpg\" data-lightbox=\"lightbox-8cbbd182\" class=\"vce-single-image-inner vce-single-image--absolute\" style=\"padding-bottom: 31.3878%; width: 100%;\"><img loading=\"lazy\" decoding=\"async\" class=\"vce-single-image\"  width=\"771\" height=\"242\" src=\"http:\/\/www.consumiblesparavending.com\/archivos\/2018\/10\/productos-vending-variedad-consumibles-para-maquinas-expendedoras-minivending.jpg\" data-img-src=\"http:\/\/www.consumiblesparavending.com\/archivos\/2018\/10\/productos-vending-variedad-consumibles-para-maquinas-expendedoras-minivending.jpg\" data-attachment-id=\"1140\"  alt=\"\" title=\"productos-vending-variedad-consumibles-para-maquinas-expendedoras-minivending\" \/><\/a><\/div><figcaption hidden=\"\"><\/figcaption><\/figure><\/div><\/div><\/div><\/div><\/div><div class=\"vce-col vce-col--md-auto vce-col--xs-1 vce-col--xs-last vce-col--xs-first vce-col--sm-last vce-col--sm-first\" id=\"el-9df29e6e\"><div class=\"vce-col-inner\" data-vce-do-apply=\"border margin background  el-9df29e6e\"><div class=\"vce-col-content\" data-vce-element-content=\"true\" data-vce-do-apply=\"padding el-9df29e6e\"><div class=\"vce-single-image-container vce-single-image--align-left\"><div class=\"vce vce-single-image-wrapper\" id=\"el-ea2a965d\" data-vce-do-apply=\"all el-ea2a965d\"><figure><div class=\"vce-single-image-figure-inner\" style=\"width: 1024px;\"><a href=\"http:\/\/www.consumiblesparavending.com\/archivos\/2018\/10\/fabricacion-a-medida-maquinas-expendedoras-vending-mecanicas.jpg\" data-lightbox=\"lightbox-ea2a965d\" class=\"vce-single-image-inner vce-single-image--absolute\" style=\"padding-bottom: 37.4023%; width: 100%;\"><img loading=\"lazy\" decoding=\"async\" class=\"vce-single-image\"  width=\"1024\" height=\"383\" src=\"http:\/\/www.consumiblesparavending.com\/archivos\/2018\/10\/fabricacion-a-medida-maquinas-expendedoras-vending-mecanicas.jpg\" data-img-src=\"http:\/\/www.consumiblesparavending.com\/archivos\/2018\/10\/fabricacion-a-medida-maquinas-expendedoras-vending-mecanicas.jpg\" data-attachment-id=\"1141\"  alt=\"\" title=\"fabricacion-a-medida-maquinas-expendedoras-vending-mecanicas\" \/><\/a><\/div><figcaption hidden=\"\"><\/figcaption><\/figure><\/div><\/div><\/div><\/div><\/div><div class=\"vce-col vce-col--md-auto vce-col--xs-1 vce-col--xs-last vce-col--xs-first vce-col--sm-last vce-col--sm-first vce-col--md-last vce-col--lg-last vce-col--xl-last\" id=\"el-381a86d3\"><div class=\"vce-col-inner\" data-vce-do-apply=\"border margin background  el-381a86d3\"><div class=\"vce-col-content\" data-vce-element-content=\"true\" data-vce-do-apply=\"padding el-381a86d3\"><div class=\"vce-single-image-container vce-single-image--align-left\"><div class=\"vce vce-single-image-wrapper\" id=\"el-cbfaca8d\" data-vce-do-apply=\"all el-cbfaca8d\"><figure><div class=\"vce-single-image-figure-inner\" style=\"width: 500px;\"><a href=\"http:\/\/www.consumiblesparavending.com\/archivos\/2018\/10\/productos-personalizados-preservativos-estuche-unitario-adhesivo-bolsita-de-cristal-tarjeta-publicitaria.jpg\" data-lightbox=\"lightbox-cbfaca8d\" class=\"vce-single-image-inner vce-single-image--absolute\" style=\"padding-bottom: 60%; width: 100%;\"><img loading=\"lazy\" decoding=\"async\" class=\"vce-single-image\"  width=\"500\" height=\"300\" src=\"http:\/\/www.consumiblesparavending.com\/archivos\/2018\/10\/productos-personalizados-preservativos-estuche-unitario-adhesivo-bolsita-de-cristal-tarjeta-publicitaria.jpg\" data-img-src=\"http:\/\/www.consumiblesparavending.com\/archivos\/2018\/10\/productos-personalizados-preservativos-estuche-unitario-adhesivo-bolsita-de-cristal-tarjeta-publicitaria.jpg\" data-attachment-id=\"1142\"  alt=\"\" title=\"productos-personalizados-preservativos-estuche-unitario-adhesivo-bolsita-de-cristal-tarjeta-publicitaria\" \/><\/a><\/div><figcaption hidden=\"\"><\/figcaption><\/figure><\/div><\/div><\/div><\/div><\/div><\/div><\/div><\/div><div class=\"vce-row-container\" data-vce-boxed-width=\"true\"><div class=\"vce-row vce-row--col-gap-30 vce-row-equal-height vce-row-content--top\" id=\"el-b5b16154\" data-vce-do-apply=\"all el-b5b16154\"><div class=\"vce-row-content\" data-vce-element-content=\"true\"><div class=\"vce-col vce-col--md-85p vce-col--xs-1 vce-col--xs-last vce-col--xs-first vce-col--sm-last vce-col--sm-first vce-col--md-first vce-col--lg-first vce-col--xl-first\" id=\"el-41be1c4b\"><div class=\"vce-col-inner\" data-vce-do-apply=\"border margin background  el-41be1c4b\"><div class=\"vce-col-content\" data-vce-element-content=\"true\" data-vce-do-apply=\"padding el-41be1c4b\"><div class=\"vce-text-block\"><div class=\"vce-text-block-wrapper vce\" id=\"el-74d606f6\" data-vce-do-apply=\"all el-74d606f6\"><div class=\"wpb_column vc_column_container vc_col-sm-8\"><div class=\"vc_column-inner \"><div class=\"wpb_wrapper\"><div class=\"wpb_text_column wpb_content_element \"><div class=\"wpb_wrapper\"><p>Por otro lado realizamos la adaptaci\u00f3n de los mecanismos de venta de nuestras expendedoras para que sean totalmente compatibles con monedas internacionales.<\/p><p>Las compa\u00f1\u00edas de transporte con las que trabajamos nos ofrecen las tarifas de env\u00edo m\u00e1s competitivas del mercado. Esto permite reducir significativamente los costes de su inversi\u00f3n inicial para realizar importaciones de mercanc\u00edas a su pa\u00eds de una manera econ\u00f3mica y fiable.<\/p><\/div><\/div><\/div><\/div><\/div><\/div><\/div><\/div><\/div><\/div><div class=\"vce-col vce-col--md-15p vce-col--xs-1 vce-col--xs-last vce-col--xs-first vce-col--sm-last vce-col--sm-first vce-col--md-last vce-col--lg-last vce-col--xl-last\" id=\"el-cfc23e98\"><div class=\"vce-col-inner\" data-vce-do-apply=\"border margin background  el-cfc23e98\"><div class=\"vce-col-content\" data-vce-element-content=\"true\" data-vce-do-apply=\"padding el-cfc23e98\"><div class=\"vce-single-image-container vce-single-image--align-left\"><div class=\"vce vce-single-image-wrapper\" id=\"el-07dcc6a6\" data-vce-do-apply=\"all el-07dcc6a6\"><figure><div class=\"vce-single-image-figure-inner\" style=\"width: 800px;\"><a href=\"http:\/\/www.consumiblesparavending.com\/archivos\/2018\/10\/monedas-internacionales-adaptacion-maquinas-expendedoras-vending-mecanismos-de-venta.jpg\" data-lightbox=\"lightbox-07dcc6a6\" class=\"vce-single-image-inner vce-single-image--absolute\" style=\"width: 100%; padding-bottom: 60.25%;\"><img loading=\"lazy\" decoding=\"async\" class=\"vce-single-image\"  width=\"800\" height=\"482\" src=\"http:\/\/www.consumiblesparavending.com\/archivos\/2018\/10\/monedas-internacionales-adaptacion-maquinas-expendedoras-vending-mecanismos-de-venta.jpg\" data-img-src=\"http:\/\/www.consumiblesparavending.com\/archivos\/2018\/10\/monedas-internacionales-adaptacion-maquinas-expendedoras-vending-mecanismos-de-venta.jpg\" data-attachment-id=\"1143\"  alt=\"\" title=\"monedas-internacionales-adaptacion-maquinas-expendedoras-vending-mecanismos-de-venta\" \/><\/a><\/div><figcaption hidden=\"\"><\/figcaption><\/figure><\/div><\/div><\/div><\/div><\/div><\/div><\/div><\/div><div class=\"vce-row-container\" data-vce-boxed-width=\"true\"><div class=\"vce-row vce-row--col-gap-30 vce-row-equal-height vce-row-content--top\" id=\"el-3c79c102\" data-vce-do-apply=\"all el-3c79c102\"><div class=\"vce-row-content\" data-vce-element-content=\"true\"><div class=\"vce-col vce-col--md-25p vce-col--xs-1 vce-col--xs-last vce-col--xs-first vce-col--sm-last vce-col--sm-first vce-col--md-first vce-col--lg-first vce-col--xl-first\" id=\"el-07e9f189\"><div class=\"vce-col-inner\" data-vce-do-apply=\"border margin background  el-07e9f189\"><div class=\"vce-col-content\" data-vce-element-content=\"true\" data-vce-do-apply=\"padding el-07e9f189\"><div class=\"vce-single-image-container vce-single-image--align-left\"><div class=\"vce vce-single-image-wrapper\" id=\"el-7ca700ec\" data-vce-do-apply=\"all el-7ca700ec\"><figure><div class=\"vce-single-image-figure-inner\" style=\"width: 604px;\"><div class=\"vce-single-image-inner vce-single-image--absolute\" style=\"padding-bottom: 46.5232%; width: 100%;\"><img loading=\"lazy\" decoding=\"async\" class=\"vce-single-image\"  width=\"604\" height=\"281\" src=\"http:\/\/www.consumiblesparavending.com\/archivos\/2018\/10\/exportaciones-comercio-internacional-transporte-maritimo.jpg\" data-img-src=\"http:\/\/www.consumiblesparavending.com\/archivos\/2018\/10\/exportaciones-comercio-internacional-transporte-maritimo.jpg\" data-attachment-id=\"1144\"  alt=\"\" title=\"exportaciones-comercio-internacional-transporte-maritimo\" \/><\/div><\/div><figcaption hidden=\"\"><\/figcaption><\/figure><\/div><\/div><\/div><\/div><\/div><div class=\"vce-col vce-col--md-75p vce-col--xs-1 vce-col--xs-last vce-col--xs-first vce-col--sm-last vce-col--sm-first vce-col--md-last vce-col--lg-last vce-col--xl-last\" id=\"el-586aec2b\"><div class=\"vce-col-inner\" data-vce-do-apply=\"border margin background  el-586aec2b\"><div class=\"vce-col-content\" data-vce-element-content=\"true\" data-vce-do-apply=\"padding el-586aec2b\"><div class=\"vce-text-block\"><div class=\"vce-text-block-wrapper vce\" id=\"el-1b6e93d3\" data-vce-do-apply=\"all el-1b6e93d3\"><div class=\"wpb_column vc_column_container vc_col-sm-9\"><div class=\"vc_column-inner \"><div class=\"wpb_wrapper\"><div class=\"wpb_text_column wpb_content_element \"><div class=\"wpb_wrapper\"><p>Nuestra mayor preocupaci\u00f3n es mantener siempre la m\u00e1xima calidad de servicio. Por ello nuestro equipo est\u00e1 a su completa disposici\u00f3n, para asesorarle en todo lo que precise para llevar a cabo su proyecto.<\/p><p>Nuestro principal objetivo es el de facilitar la entrada a este sector de negocio a todo el que lo desee y proveerle el soporte necesario para conseguir establecerse de la manera m\u00e1s \u00e1gil posible.<\/p><p>Nuestra mayor satisfacci\u00f3n proviene siempre del \u00e9xito de nuestros clientes.<\/p><\/div><\/div><\/div><\/div><\/div><\/div><\/div><\/div><\/div><\/div><\/div><\/div><\/div>\n","protected":false},"excerpt":{"rendered":"<p>En CAJI EXPORT INT. SLU contamos con m\u00e1s de 20 a\u00f1os de experiencia en el sector del vending, tanto en Espa\u00f1a como en el exterior. Realizamos env\u00edos a cualquier parte del mundo, actualmente tenemos clientes en 14 pa\u00edses.Disponemos de una gran variedad de m\u00e1quinas expendedoras y consumibles que resultan muy&#8230;<\/p>\n","protected":false},"author":1,"featured_media":0,"parent":0,"menu_order":0,"comment_status":"closed","ping_status":"closed","template":"","meta":{"footnotes":""},"class_list":["post-1137","page","type-page","status-publish","hentry"],"_links":{"self":[{"href":"http:\/\/www.consumiblesparavending.com\/index.php\/wp-json\/wp\/v2\/pages\/1137","targetHints":{"allow":["GET"]}}],"collection":[{"href":"http:\/\/www.consumiblesparavending.com\/index.php\/wp-json\/wp\/v2\/pages"}],"about":[{"href":"http:\/\/www.consumiblesparavending.com\/index.php\/wp-json\/wp\/v2\/types\/page"}],"author":[{"embeddable":true,"href":"http:\/\/www.consumiblesparavending.com\/index.php\/wp-json\/wp\/v2\/users\/1"}],"replies":[{"embeddable":true,"href":"http:\/\/www.consumiblesparavending.com\/index.php\/wp-json\/wp\/v2\/comments?post=1137"}],"version-history":[{"count":0,"href":"http:\/\/www.consumiblesparavending.com\/index.php\/wp-json\/wp\/v2\/pages\/1137\/revisions"}],"wp:attachment":[{"href":"http:\/\/www.consumiblesparavending.com\/index.php\/wp-json\/wp\/v2\/media?parent=1137"}],"curies":[{"name":"wp","href":"https:\/\/api.w.org\/{rel}","templated":true}]}}